 = 18*k - 28*k. What is the units digit of k?
2
What is the tens digit of (-29589)/(-7) - -9*(-14)/63?
2
What is the tens digit of (1512/10)/((-11 + 28)/85)?
5
Suppose -4*c + 32 = 5*a, 2*a + 5*c = 3*a + 11. What is the tens digit of ((-360)/18)/(a/(-18))?
9
Suppose v + h = 435, 0 = -3*v + 5*v - 5*h - 842. Suppose -i - 5*s + v = -0*i, 0 = -2*i + 3*s + 823. What is the tens digit of i?
1
Let w(f) = -f**3 - 4*f**2 - 2*f - 13. Let u be w(-4). What is the units digit of -1 + 383/1 - (2 + u)?
5
Let s be 2/6 - (-476)/21. Let g = 36 - s. Let i(y) = -y**3 + 13*y**2 + 4*y - 4. What is the tens digit of i(g)?
4
Suppose -2*a + 4679 = c, c = -3*a + 11292 - 4276. What is the units digit of a?
7
Suppose 234*k - 53878 = 230*k + 3*u, 0 = -k + 4*u + 13476. What is the tens digit of k?
6
Let f = 18 + 72. Suppose f = 3*i - 2403. What is the units digit of i?
1
What is the hundreds digit of 327/(-436) - 50614/(-8)?
3
Suppose 2*z = 2*l + l, 0 = l - 3*z + 7. Let u(k) = -3*k - l + 6*k + 18*k - 4*k. What is the units digit of u(6)?
0
Let f = -48634 - -80197. What is the units digit of f?
3
Let z = 4169 + -2969. What is the units digit of z?
0
What is the hundreds digit of ((-591 - -2) + 0)/(-11*11/363)?
7
Suppose -4*v + 0*v + 144 = 0. Let s be ((-24)/v)/((-4)/1002). Let j = s - 76. What is the tens digit of j?
9
Suppose -q = -2*l, -3*l = -4*q + 4 + 1. What is the hundreds digit of ((-35)/(-70))/(l/302)?
1
Suppose -5*o = -4*w - 42731, -3*o + 2*o = 5*w - 8552. What is the hundreds digit of o?
5
Let k = 13497 + -6650. What is the tens digit of k?
4
Suppose -11*w + 19428 = 5*t - 8*w, 5*t + 5*w - 19440 = 0. What is the thousands digit of t?
3
Suppose 610795 - 1793812 = -121*w. What is the tens digit of w?
7
Suppose -11*r + n = -174069, -15*r + 13*r = -4*n - 31626. What is the hundreds digit of r?
8
Let d = 9335 + -5073. What is the units digit of d?
2
Let n = -248 + 316. What is the hundreds digit of n/10*(4 + 31)?
2
Let n(c) = -1576*c - 660. What is the hundreds digit of n(-5)?
2
Let f be (2/(-7) + 12/42)/(-1). Suppose -32*c + 43*c - 737 = f. What is the tens digit of c?
6
Let r(t) = -2*t**2 + 51*t + 30. Let g be r(26). Suppose g*n + 16 = 0, 6*l - 2*l + 2*n - 952 = 0. What is the hundreds digit of l?
2
Let x(o) = o**3 - 11*o**2 + 6*o + 23. Let l be x(10). Let b = 380 + l. What is the tens digit of b?
6
Suppose s = -3*w + 89413, -2*w - 8*s + 12*s + 59632 = 0. What is the ten thousands digit of w?
2
Let x = 18550 - 10455. What is the units digit of x?
5
Let u(o) be the first derivative of -5*o**2 - 26*o + 39. Let n(v) = -v**3 + v - 8. Let i be n(0). What is the units digit of u(i)?
4
Let t = 14456 + -9760. What is the tens digit of t?
9
Suppose 20*f - 27997 = 264283. What is the hundreds digit of f?
6
Suppose -4*b - 4*u = -35988, -2*u = 3*b + 2346 - 29344. What is the units digit of b?
4
Let j = -221 - -217. What is the hundreds digit of (-7)/(-56)*j*-1060?
5
Suppose 0 = 3*a + s + 196, 0 = -4*a + 2*s + 2*s - 288. Let u = -101 - a. Let v = 78 + u. What is the units digit of v?
4
Let x = 31895 - 16178. What is the tens digit of x?
1
Suppose 0 = 274*a - 267*a + 217. Let o(x) = 2*x**2 - 8*x - 264. What is the units digit of o(a)?
6
Suppose 4*y = -5*r + 16, -7 = -2*r + 2*y - 3*y. What is the tens digit of 1936/(-32)*(-24)/r?
6
What is the hundreds digit of (1 + 1 - 862)/(86/(-1333))?
3
Suppose 21*k - 75 = 16*k. Suppose k*c - 7*c = 24. What is the tens digit of 1/(c/6) - -158?
6
Suppose 0 = 100172*l - 100156*l - 92592. What is the units digit of l?
7
Suppose 0 = -47*l - 10*l - 51528. Let u = l - -2523. What is the tens digit of u?
1
Let v = -48 - -52. Suppose -324 = -f - 0*f - v*h, h = 3*f - 933. Suppose -2*d - 2*i = -220, -i + 4*i + f = 3*d. What is the hundreds digit of d?
1
Suppose 2*i = -7*i + 90. Suppose 0 = -3*z + s + 182, i*s + 64 = z + 13*s. What is the units digit of z?
1
Let l = -49766 - -69828. What is the tens digit of l?
6
What is the hundreds digit of ((-12)/(-9))/(16/153612)?
8
Let z be -4*((-268)/8 + 2). Suppose -292 = -5*j + 9*j. Let v = j + z. What is the tens digit of v?
5
Suppose -j = 2*i + 6, -3*j + 3*i - 15 - 3 = 0. Let g(h) = 44*h**2 + 13*h + 110. What is the hundreds digit of g(j)?
6
Let p(s) = 2*s**3 - 104*s**2 + 67*s + 14. What is the hundreds digit of p(53)?
1
Let h be ((-5)/1)/((-50)/(-4600)). Let c = h - -1325. What is the hundreds digit of c?
8
Suppose -3*g = d + 122 + 92, 5*d = 5*g + 370. Let o be -5 + (1 - (-4)/(-6))/((-3)/(-1737)). Let h = g + o. What is the hundreds digit of h?
1
Let f(q) = -8*q + 77. Let j be f(6). Suppose 485 = j*s - 28*s. What is the tens digit of s?
8
Let z(r) = -32*r**2 + 8*r - 8. Let s be z(6). Let c be s/(-5) - (-6)/(-15). Suppose 3*b = 39 + c. What is the tens digit of b?
8
Let t = 9585 + 1395. What is the tens digit of t?
8
Suppose -2*k - p + 42 = 0, 0 = 5*k - 6*k - 2*p + 27. Let z be 2/(-12) - (6 + 2375/(-30)). Let f = z - k. What is the units digit of f?
4
Let m(z) = -26*z + 62. Suppose 0*v = -v - 1, -3*j = 5*v + 92. What is the tens digit of m(j)?
1
Let p(v) be the third derivative of -v**5/60 + 2*v**4/3 - 13*v**3/6 - 10*v**2. Let y be p(12). What is the tens digit of y/(((-1)/2)/(12/(-8)))?
0
Suppose 2*r = 2*b + 5110, 5*r = 7*b - 3*b + 12780. Suppose 3*z - 23*z + r = 0. What is the hundreds digit of z?
1
Let d = 1418 + 1095. Suppose 5*k + 1140 = -5*b + 5275, 3*k = 5*b + d. What is the tens digit of k?
3
Let w(q) = -q - 1. Let n(k) = 3*k + 4. Let r(a) = 6*n(a) + 17*w(a). Let d be r(-6). Suppose 3*p - 118 + d = 0. What is the units digit of p?
9
Let n be 56/476 + 3/(102/20804). Suppose -24*x + n = -6*x. What is the units digit of x?
4
Let t = 599 - 498. Let y = 843 + t. What is the hundreds digit of y?
9
Suppose 349280 = 36*t - 118792. What is the hundreds digit of t?
0
Suppose 6*q = q + 6*q - 35142. What is the ten thousands digit of q?
3
Let i(t) = -t**3 - 14*t**2 - 34*t - 21. Let w be i(-12). Suppose -3*b = -4*b - 2. What is the tens digit of (w - (b + 3)) + 1?
9
Let j = -423 - -5967. What is the hundreds digit of j?
5
Suppose 415877 + 474073 = 15*y. What is the thousands digit of y?
9
Let o(v) = v**2 + 6*v - 801. What is the thousands digit of o(-106)?
9
Let i(a) = -a**2 - a - 10. Let z be (-20)/3 + 1 + 2/(-6). Let j be i(z). What is the units digit of 0 + 1/4 - 1790/j?
5
Let i = -44 + 42. Let a be -1654*(-1)/i*(2 - 3). Suppose -a + 162 = -5*h. What is the hundreds digit of h?
1
Let k = 12219 - 8648. What is the hundreds digit of k?
5
Let c(h) be the first derivative of 35*h**4/4 - 5*h**3/3 + 5*h**2/2 + 4*h - 10. Let l be c(4). Suppose -112 = 8*o - l. What is the hundreds digit of o?
2
Let f = 208971 + -123644. What is the units digit of f?
7
Let z = -129 + 134. What is the units digit of (-10)/(-4)*536/z?
8
Let z(s) = -5*s**3 - 3*s**2 + 8*s + 25. Let w be z(-4). Suppose 0 = 5*m - 8*m, -w = -p + 2*m. What is the hundreds digit of p?
2
Let z = 796 - 794. Let d = 23 + -3068. What is the tens digit of (z/4)/(2 - d/(-1526))?
0
Let o(a) = 5*a**3 - 19*a**2 + 20*a - 12. Let b(i) = -i**3 + i**2 - 1. Let s(g) = -6*b(g) - o(g). What is the units digit of s(-13)?
8
Let w = 322 - 183. Suppose -143*o + w*o + 72 = 0. What is the tens digit of o?
1
Suppose -2*a - 3*i + 18841 = 0, 18*i - 14*i + 9382 = a. What is the hundreds digit of a?
4
Suppose 0 = -b - 7, 2*g - 4*b - 4*b = 5270. What is the units digit of g?
7
Let h(m) = 123*m + 1. Let j(d) = 2*d - 2. Let k(r) = -h(r) - 4*j(r). What is the hundreds digit of k(-5)?
6
Let a be (-128 - -1)/(2/4). Let l = 325 + a. What is the units digit of l?
1
Let u be 5*(-1 - -2)*(-981)/(-5). Let t = u + -413. Suppose 3*w + t = 3*d + 2*d, d + 4*w - 109 = 0. What is the hundreds digit of d?
1
Let v be 2 - (4/7 - 727293/147). Suppose -6*f + 3073 = -v. What is the thousands digit of f?
1
Let o(d) = 7*d - 2. Let j be o(3). Suppose 8*u = 26*u + 18. What is the units digit of (-1 - (u - 237)) + (j - 17)?
9
Suppose -16*q = -18*q + 6. Suppose -11 + 17 = q*l. Suppose p + l*p = -k + 506, -2*p + 337 = k. What is the hundreds digit of p?
1
Let f = 15 - 13. Suppose -4*u = -3*p - f*u + 320, 5*p = 3*u + 535. Suppose 0 = -4*j + p + 50. What is the units digit of j?
0
Suppose -226*z = -1054352 - 7493872. What is the ten thousands digit of z?
3
Let w(o) = 5*o**2 - 71*o + 1178. What is the units digit of w(27